et k be i(n). Suppose -o + k*v = -4 - 14, -4*o - 4*v + 32 = 0. Calculate the greatest common factor of 5 and o.
5
Suppose 30*u = 28*u + 6. Suppose 2*d - 2 = 16. Calculate the highest common factor of d and u.
3
Let o(w) = -w**3 + 6*w**2 + 9*w - 14. Let p be o(7). Suppose p = -3*i - 5*h + 434, -425 = -2*i - i + 4*h. What is the highest common divisor of i and 13?
13
Suppose 3*m + 7*v + 27 = 3*v, 3*v = 4*m + 61. Let y = -7 - m. Calculate the highest common divisor of 12 and y.
6
Let d be 4/(-1 - (-9)/6). Suppose 2*q + 2*q = -d. Let a be (-132)/(5/4 + q). Calculate the highest common divisor of 16 and a.
16
Suppose 5 = 2*r - 1. Suppose 0 = -2*f - d + 56, -8 = -r*d - 20. What is the greatest common divisor of f and 90?
30
Suppose 0 = 2*h - 162 + 24. Let m = h - 21. Suppose -z + 64 = 3*z. Calculate the greatest common divisor of z and m.
16
Suppose b - 4 + 0 = 0. Suppose 0*x + b*x - 8 = 0. Let c = 6 - x. What is the greatest common divisor of 20 and c?
4
Let m be (1 + -39)*3/(-6). Let q(i) = 18*i + 5. Let r be q(5). Calculate the highest common factor of m and r.
19
Let u = 242 - 146. Calculate the highest common factor of 24 and u.
24
Let b(t) = 39*t**2 + 3*t + 3. Let a be b(3). Suppose 0 = -2*c - c + a. Let j = 186 - 175. Calculate the highest common divisor of j and c.
11
Suppose 3*m + 4*q = -53, -2*q = -14 + 6. Let k = -2 - m. What is the greatest common factor of k and 21?
21
Let t = 4 + -1. Suppose -t + 4 = h. Calculate the highest common divisor of 11 and h.
1
Suppose 2*r + 2*d = 52, -r + 3*d - d + 23 = 0. What is the highest common factor of 5 and r?
5
Suppose -5*f + 2*f - 43 = 2*n, 5*n + 5*f = -105. Let g = 12 - n. Calculate the highest common divisor of g and 80.
16
Suppose 0 = 22*c - 19*c - 108. Calculate the greatest common factor of c and 9.
9
Let f = 29 + -26. Suppose -1 = 2*c + 5, 5*c + 60 = f*z. Calculate the highest common factor of z and 3.
3
Let s = 74 + -46. Let q be (-24)/(-3 + s/12). Calculate the highest common divisor of q and 12.
12
Let u be (12/(-2))/(6/(-4)). Suppose -3*o + 9 = 0, -u*s + 0*o - 66 = -2*o. Let q = -9 - s. What is the greatest common factor of 9 and q?
3
Suppose y + 4*p - 10 = -0, 0 = -3*y + 2*p + 16. Suppose -y*f + 10*f - 4 = 0. What is the greatest common factor of f and 3?
1
Let t be 50/3 + 4/(-6). Let v(i) = -i**3 + 9*i**2 + 6*i. Let c be v(8). Calculate the greatest common divisor of c and t.
16
Let h be (-35)/(-15) + (-2)/6. Suppose 1 = 3*l - h. Let p be l/(-4) - 1855/(-28). Calculate the highest common factor of 6 and p.
6
Let z be (-4)/(-10) + 14/(-10). Let c be z/(-2) + 20/8. Let g be 33 + -5 + 3 + c. What is the highest common factor of 17 and g?
17
Let z be 3/(-5) + (-161)/(-35). Let c be (-1 - -5)*3/z. Calculate the greatest common factor of 18 and c.
3
Let p be 1/(-2)*(-2 - -2112). Let s = p - -1883. Suppose -z = -4*z - 5*o + 510, -5*z - o = -s. Calculate the greatest common divisor of z and 15.
15
Let i(k) = -2*k**3 + 14*k**2 + 3*k + 15. Let g be i(7). Suppose 3*w = 5*h - 17, -w = -5*h - 2*w + 21. Calculate the highest common factor of g and h.
4
Suppose -15 = -5*j + 10. Suppose 3*u + 0*u - j*r + 12 = 0, 5*r - 19 = -4*u. Let t = 2 - u. What is the highest common divisor of 9 and t?
1
Let n be (-15)/(-6)*(-1)/(15/(-36)). Suppose -2*h - 4*p + 24 = -64, -h + 38 = -4*p. What is the greatest common divisor of h and n?
6
Suppose 3*v + 4 - 27 = -u, 4*v = -4*u + 68. What is the greatest common divisor of 126 and u?
14
Suppose -2*u = -5*j + 770, 4*u - 3*u = 5*j - 765. What is the highest common factor of 8 and j?
8
Suppose -x = -5*j - 42 - 174, -x + 216 = j. What is the highest common factor of 27 and x?
27
Suppose 2*g = -3*g + 55. Let h be (11/2)/((-4)/(-8)). Calculate the highest common factor of h and g.
11
Suppose -3*f - 84 = -4*h, 0*h + 100 = 5*h - 5*f. What is the greatest common divisor of 3 and h?
3
Suppose 0 = -0*g + g + 5, x = -3*g - 11. Suppose 2*h - x*h + 20 = 0. What is the highest common divisor of 10 and h?
10
Suppose -4*g = 4*z - 0*z - 184, 0 = -g - 5*z + 42. Calculate the highest common factor of 188 and g.
47
Let y = 12 + -7. What is the highest common factor of y and 20?
5
Let t = -465 + 843. Calculate the highest common factor of 42 and t.
42
Let n be (5/3 + -1)*-39. Let z be (-160)/n - 6/39. Calculate the greatest common factor of z and 15.
3
Let u(c) be the first derivative of -7*c + 3 - 5/2*c**2 + 4/3*c**3. Let h be u(7). Calculate the highest common factor of h and 14.
14
Let v = 40 - 28. What is the greatest common factor of v and 60?
12
Let j be (5/10)/(1/20). Calculate the highest common divisor of 20 and j.
10
Suppose -p + 2*r = 2*p - 96, -4*p - 5*r = -105. Suppose t + 3*f - 162 = 0, t + f = -4*t + 754. What is the greatest common divisor of p and t?
30
Suppose 2*w = -3 - 3. Let p be (-4)/(w/6*1). What is the highest common divisor of p and 16?
8
Suppose -h = -5*u - 81, 0 = -5*h - 6 - 14. Let q be -3 + (6 - 2) - u. Let m be (-18)/(10/(-4) - -1). What is the greatest common divisor of m and q?
6
Let v = -35 - -47. Calculate the highest common factor of v and 132.
12
Let d = -41 + 44. Calculate the greatest common divisor of d and 3.
3
Let i be (36/8)/(1/2). Suppose -u + 5 = -i. Calculate the greatest common divisor of 154 and u.
14
Let o(d) = d**2 + d - 1. Let g be o(3). Suppose 0 = 3*v - 2*h - 262, -3*v + 157 = 4*h - 111. Calculate the highest common divisor of v and g.
11
Suppose -24 = -4*x - 0*x. What is the greatest common divisor of x and 66?
6
Suppose 68 - 308 = -b. Calculate the greatest common factor of 30 and b.
30
Suppose 13 + 3 = 4*m. Let b = 17 + -9. What is the greatest common divisor of b and m?
4
Suppose -11 = -4*j - z, -5*z + 6 = 31. Suppose -3*q - 4*i = q - 60, 0 = j*q - 3*i - 81. Let s = 0 + 2. Calculate the highest common factor of q and s.
2
Suppose 5*z = -5*r + 35, 3*z + 29 = r + r. Suppose -4*k - 15 = 9. Let a = 10 + k. What is the greatest common divisor of a and r?
2
Let f = 192 - 191. Let z = -9 + 16. Calculate the greatest common divisor of z and f.
1
Suppose 0 = 2*c - 4*c + 8. Suppose c*l - 2*l = 64. What is the highest common divisor of l and 16?
16
Let s = -6 + 4. Let j be ((-15)/(-10))/(s/(-4)). Suppose -4*q - b + 39 = -8, -j*q + 35 = b. What is the greatest common divisor of 84 and q?
12
Suppose 22*b + 196 = 29*b. What is the greatest common divisor of 4 and b?
4
Suppose 0 = -3*n - 12, -r + 0*n + 2*n + 23 = 0. What is the highest common divisor of 30 and r?
15
Let z be (16 + 0)*(-21)/(-28). What is the greatest common divisor of z and 12?
12
Let v(y) = 4*y**2 - 5*y - 4. Let t be v(4). Let f = 10 + -16. Let l be (-2)/3*f*4. Calculate the highest common divisor of t and l.
8
Let q(b) = -2*b**2 - 11*b + 8. Let s be q(-6). Calculate the highest common factor of 2 and s.
2
Let k = 35 + -23. Let t = k + -5. Calculate the highest common divisor of 1 and t.
1
Suppose 35 = 2*y - 9. What is the greatest common factor of y and 176?
22
Suppose 4*c - 4*b - 32 = 0, 4 = 2*b - 0. Let t(a) = a**2 + 8*a + 9. Let r be t(-6). Let j = r + c. What is the highest common divisor of 49 and j?
7
Let m be (-195)/10*(-2 - 20/3). Calculate the greatest common factor of 13 and m.
13
Suppose 6*j = 3*j + 5*n + 164, 5*n + 116 = 2*j. Let v = 3 - -3. Calculate the highest common factor of v and j.
6
Let h(d) = 2*d**2 - 4*d + 3. Suppose 3*j + 0*j - 9 = 0. Let p be h(j). Calculate the highest common factor of 81 and p.
9
Let c(k) = 3*k**2 - 16*k + 67. Let r be c(5). Calculate the highest common divisor of 31 and r.
31
Let m(h) = 191*h**2 - h. Let i be m(1). Let b(l) = -6*l - 5. Let s be b(-4). Calculate the greatest common divisor of s and i.
19
Let v be (2556/(-21))/(-4) + (-3)/7. Calculate the greatest common factor of v and 15.
15
Let t = 2 - -12. Suppose 1216 = 4*k + 32. Suppose -3*n + 5*y = -482, -k = -2*n - 0*n - 3*y. Calculate the greatest common factor of t and n.
14
Suppose 2*d - 7*d + 130 = 5*i, -d - 5*i = -42. Suppose 4*c - t - 94 - 128 = 0, -4*c + 3*t = -226. Calculate the highest common divisor of c and d.
11
Suppose 25 = 5*d - 4*j - 4, -3*d + 3*j + 18 = 0. Calculate the highest common divisor of 5 and d.
5
Let n = -158 + 224. Calculate the highest common factor of 6 and n.
6
Let q = 114 + -170. Let n = -8 - q. Calculate the greatest common divisor of n and 12.
12
